prime factors of 1566?
2, 3, 29
List the prime factors of 1439.
1439
List the prime factors of 1558.
2, 19, 41
What are the prime factors of 2800?
2, 5, 7
What are the prime factors of 1268?
2, 317
What are the prime factors of 247?
13, 19
What are the prime factors of 926?
2, 463
What are the prime factors of 4084?
2, 1021
List the prime factors of 572.
2, 11, 13
What are the prime factors of 1425?
3, 5, 19
List the prime factors of 329.
7, 47
List the prime factors of 816.
2, 3, 17
What are the prime factors of 4220?
2, 5, 211
List the prime factors of 689.
13, 53
What are the prime factors of 683?
683
What are the prime factors of 6906?
2, 3, 1151
What are the prime factors of 92763?
3, 11, 937
What are the prime factors of 6520?
2, 5, 163
What are the prime factors of 27450?
2, 3, 5, 61
List the prime factors of 775.
5, 31
List the prime factors of 1956.
2, 3, 163
What are the prime factors of 9040?
2, 5, 113
What are the prime factors of 1305?
3, 5, 29
List the prime factors of 30113.
30113
What are the prime factors of 5200?
2, 5, 13
What are the prime factors of 44319?
3, 11, 17, 79
List the prime factors of 22432.
2, 701
What are the prime factors of 121927?
13, 83, 113
List the prime factors of 63950.
2, 5, 1279
What are the prime factors of 54023?
89, 607
List the prime factors of 121.
11
List the prime factors of 198.
2, 3, 11
What are the prime factors of 19037?
19037
What are the prime factors of 26902?
2, 13451
What are the prime factors of 34468?
2, 7, 1231
What are the prime factors of 20?
2, 5
What are the prime factors of 66592?
2, 2081
What are the prime factors of 113705?
5, 22741
What are the prime factors of 1716?
2, 3, 11, 13
List the prime factors of 2393.
2393
List the prime factors of 575.
5, 23
What are the prime factors of 70928?
2, 11, 13, 31
List the prime factors of 762.
2, 3, 127
What are the prime factors of 574?
2, 7, 41
List the prime factors of 12727.
11, 13, 89
What are the prime factors of 8106?
2, 3, 7, 193
List the prime factors of 49982.
2, 67, 373
What are the prime factors of 5706?
2, 3, 317
List the prime factors of 2301.
3, 13, 59
What are the prime factors of 46032?
2, 3, 7, 137
List the prime factors of 28225.
5, 1129
List the prime factors of 16821.
3, 7, 89
What are the prime factors of 11412?
2, 3, 317
What are the prime factors of 50478?
2, 3, 47, 179
What are the prime factors of 2202?
2, 3, 367
List the prime factors of 29422.
2, 47, 313
List the prime factors of 389.
389
What are the prime factors of 36340?
2, 5, 23, 79
List the prime factors of 1511.
1511
List the prime factors of 81162.
2, 3, 167
List the prime factors of 77777.
7, 41, 271
What are the prime factors of 11240?
2, 5, 281
What are the prime factors of 11124?
2, 3, 103
List the prime factors of 655.
5, 131
List the prime factors of 140133.
3, 7, 6673
What are the prime factors of 375?
3, 5
What are the prime factors of 20997?
3, 2333
List the prime factors of 5325.
3, 5, 71
What are the prime factors of 4326?
2, 3, 7, 103
What are the prime factors of 57902?
2, 13, 17, 131
What are the prime factors of 3008?
2, 47
List the prime factors of 11632.
2, 727
List the prime factors of 31002.
2, 3, 5167
List the prime factors of 543.
3, 181
What are the prime factors of 12460?
2, 5, 7, 89
What are the prime factors of 3412?
2, 853
What are the prime factors of 535?
5, 107
List the prime factors of 45427.
45427
List the prime factors of 13947.
3, 4649
List the prime factors of 3339.
3, 7, 53
List the prime factors of 15909.
3, 5303
What are the prime factors of 127008?
2, 3, 7
List the prime factors of 2514.
2, 3, 419
What are the prime factors of 86992?
2, 5437
List the prime factors of 60461.
103, 587
What are the prime factors of 31911?
3, 11, 967
List the prime factors of 29162.
2, 7, 2083
List the prime factors of 25196.
2, 6299
List the prime factors of 6555.
3, 5, 19, 23
List the prime factors of 4860.
2, 3, 5
What are the prime factors of 42093?
3, 1559
What are the prime factors of 1637?
1637
List the prime factors of 146688.
2, 3, 191
What are the prime factors of 693?
3, 7, 11
What are the prime factors of 57184?
2, 1787
List the prime factors of 206.
2, 103
List the prime factors of 34114.
2, 37, 461
What are the prime factors of 105719?
71, 1489
List the prime factors of 1785.
3, 5, 7, 17
List the prime factors of 9388.
2, 2347
What are the prime factors of 36680?
2, 5, 7, 131
What are the prime factors of 836?
2, 11, 19
List the prime factors of 91612.
2, 37, 619
What are the prime factors of 877?
877
What are the prime factors of 446?
2, 223
List the prime factors of 62207.
62207
List the prime factors of 43536.
2, 3, 907
What are the prime factors of 24998?
2, 29, 431
What are the prime factors of 51315?
3, 5, 11, 311
List the prime factors of 1257.
3, 419
What are the prime factors of 2287?
2287
List the prime factors of 10502.
2, 59, 89
List the prime factors of 41506.
2, 20753
What are the prime factors of 10151?
10151
What are the prime factors of 56147?
7, 13, 617
What are the prime factors of 9446?
2, 4723
What are the prime factors of 1734?
2, 3, 17
List the prime factors of 1258.
2, 17, 37
List the prime factors of 305.
5, 61
What are the prime factors of 3627?
3, 13, 31
List the prime factors of 45598.
2, 7, 3257
List the prime factors of 671.
11, 61
What are the prime factors of 2996?
2, 7, 107
What are the prime factors of 2178?
2, 3, 11
What are the prime factors of 2805?
3, 5, 11, 17
What are the prime factors of 940?
2, 5, 47
List the prime factors of 10330.
2, 5, 1033
What are the prime factors of 3887?
13, 23
List the prime factors of 282.
2, 3, 47
List the prime factors of 19511.
109, 179
What are the prime factors of 27905?
5, 5581
List the prime factors of 13971.
3, 4657
What are the prime factors of 1161?
3, 43
List the prime factors of 869.
11, 79
What are the prime factors of 13031?
83, 157
List the prime factors of 6521.
6521
What are the prime factors of 3015?
3, 5, 67
List the prime factors of 1323.
3, 7
What are the prime factors of 199?
199
What are the prime factors of 31924?
2, 23, 347
What are the prime factors of 2001?
3, 23, 29
List the prime factors of 3003.
3, 7, 11, 13
List the prime factors of 1959.
3, 653
List the prime factors of 1036.
2, 7, 37
What are the prime factors of 3578?
2, 1789
List the prime factors of 930.
2, 3, 5, 31
List the prime factors of 27866.
2, 13933
List the prime factors of 45.
3, 5
List the prime factors of 49789.
49789
List the prime factors of 2035.
5, 11, 37
List the prime factors of 481.
13, 37
List the prime factors of 1866.
2, 3, 311
What are the prime factors of 10406?
2, 11, 43
List the prime factors of 10310.
2, 5, 1031
What are the prime factors of 48025?
5, 17, 113
What are the prime factors of 3581?
3581
List the prime factors of 144852.
2, 3, 12071
List the prime factors of 950.
2, 5, 19
List the prime factors of 9839.
9839
What are the prime factors of 637?
7, 13
List the prime factors of 133848.
2, 3, 11, 13
List the prime factors of 670.
2, 5, 67
What are the prime factors of 8351?
7, 1193
List the prime factors of 4603.
4603
What are the prime factors of 8124?
2, 3, 677
What are the prime factors of 1358?
2, 7, 97
List the prime factors of 1937.
13, 149
What are the prime factors of 6491?
6491
List the prime factors of 12536.
2, 1567
What are the prime factors of 5390?
2, 5, 7, 11
What are the prime factors of 111415?
5, 22283
List the prime factors of 3700.
2, 5, 37
What are the prime factors of 604?
2, 151
What are the prime factors of 1468?
2, 367
List the prime factors of 860.
2, 5, 43
What are the prime factors of 2923?
37, 79
List the prime factors of 4375.
5, 7
List the prime factors of 29256.
2, 3, 23, 53
List the prime factors of 1489.
1489
What are the prime factors of 16523?
13, 31, 41
What are the prime factors of 50076?
2, 3, 13, 107
What are the prime factors of 65671?
17, 3863
What are the prime factors of 20201?
20201
What are the prime factors of 685?
5, 137
What are the prime factors of 31055?
5, 6211
What are the prime factors of 24103?
24103
List the prime factors of 900.
2, 3, 5
List the prime factors of 6174.
2, 3, 7
List the prime factors of 10839.
3, 3613
List the prime factors of 13075.
5, 523
List the prime fa